= 8*n**2 - 664*n + 10078. What is y(63)?
-2
Let c(r) = 160*r**2 - 12001*r + 6. Give c(75).
-69
Let f(j) = 51*j**2 - 11169*j + 20. Give f(219).
20
Let v(a) = 6968*a + 62833. Give v(-9).
121
Let l(v) = 28*v**3 - 30*v**2 + 55*v + 11. Calculate l(2).
225
Let t(u) = 3366*u + 313057. Determine t(-93).
19
Let t(y) = -2*y**2 - 5*y - 3. Determine t(-5).
-28
Let a(q) = q**3 - 8*q - 155. Give a(11).
1088
Let m(q) = -980*q - 21321. Determine m(-22).
239
Let d(o) = o**3 + 201*o**2 + 573*o - 4164. Give d(-198).
-6
Let k(t) = 35209*t + 457734. Calculate k(-13).
17
Let x(d) = 29*d**3 - 752*d**2 + d - 1383. Calculate x(26).
-5
Let n(i) = i**2 - 22*i - 256037. Determine n(-495).
-122
Let v(y) = y**3 + 106*y**2 + 1585*y + 38. Determine v(-18).
20
Let h(a) = -12*a**2 - 232*a - 902. Calculate h(-14).
-6
Let f(y) = -3560*y + 20565. Calculate f(6).
-795
Let o(l) = -61928*l - 309521. Give o(-5).
119
Let r(u) = -u**3 + 12*u**2 - 24*u - 68. Give r(6).
4
Let j(g) = -159*g - 3220. Calculate j(-21).
119
Let u(t) = -2772*t - 191157. What is u(-69)?
111
Let a(h) = 8*h**3 + 193*h**2 + 967*h + 49. Give a(-7).
-7
Let i(f) = -f**3 - 106*f**2 - 586*f - 722. Determine i(-4).
-10
Let b(z) = -2*z**2 + 578*z + 6610. Calculate b(-11).
10
Let s(a) = 14*a**2 - 681*a - 3228. Give s(53).
5
Let l(v) = 1124*v + 92220. Calculate l(-82).
52
Let b(r) = -r**3 - 35*r**2 - 269*r + 177. What is b(-7)?
688
Let a(t) = 286*t**2 + 1345*t - 3. Give a(-4).
-807
Let c(p) = 615*p**2 - 311812*p + 3537. Calculate c(507).
-12
Let s(t) = 108*t - 2087. Give s(18).
-143
Let l(o) = 201*o + 1869. Determine l(-6).
663
Let f(i) = -228*i - 38827. Give f(-170).
-67
Let u(v) = -921*v + 47870. Give u(52).
-22
Let w(d) = 3*d**2 - 448*d - 12276. Calculate w(173).
7
Let o(y) = 37*y**3 - 92*y**2 - 13*y + 12. Give o(3).
144
Let x(y) = 5429*y + 705769. Calculate x(-130).
-1
Let t(h) = 8*h**2 - 923*h - 4711. Calculate t(-5).
104
Let x(t) = -17*t**2 + 54663*t - 163832. Determine x(3).
4
Let r(y) = 198*y + 2061. What is r(-13)?
-513
Let w(o) = 2024*o + 113251. Give w(-56).
-93
Let j(q) = 59*q**2 + 2831*q - 117. Calculate j(-48).
-69
Let f(x) = x**2 + 2431*x + 926116. Give f(-473).
-18
Let k(b) = b**2 + 423*b - 234. What is k(0)?
-234
Let o(i) = 12919*i - 130304. Give o(10).
-1114
Let a(o) = -12*o**2 - 721*o + 2721. What is a(-61)?
2050
Let c(z) = -2*z**3 + 30*z**2 + 257*z + 35. Give c(21).
140
Let i(u) = -220003*u + 880026. Determine i(4).
14
Let j(h) = -h**2 + 878*h + 6092. What is j(-7)?
-103
Let j(q) = -5*q**2 - 30*q - 248. Calculate j(-7).
-283
Let f(k) = 526*k - 4272. Give f(13).
2566
Let c(t) = -t**3 + 21*t**2 - 59*t + 84. Give c(12).
672
Let w(q) = 13*q**2 + 506*q + 1047. Calculate w(-32).
-1833
Let y(f) = 8926*f - 2918803. Give y(327).
-1
Let p(y) = 13*y**2 + 505*y + 2853. Calculate p(-32).
5
Let p(r) = 9*r**2 - 873*r - 23425. Give p(-26).
5357
Let m(i) = -11*i**3 - 1024*i**2 - 4002*i + 216. Give m(-89).
-51
Let s(b) = 98159*b + 588988. What is s(-6)?
34
Let k(m) = -8*m**2 - 13265*m + 39790. Give k(3).
-77
Let u(p) = -68623*p + 3911507. Give u(57).
-4
Let a(r) = 792*r - 62362. Give a(79).
206
Let f(p) = -10224*p + 122684. Give f(12).
-4
Let h(n) = -2545*n**2 - 86528*n + 100. Determine h(-34).
32
Let s(r) = 17*r**2 - 93*r - 233. Calculate s(-2).
21
Let l(o) = 56989*o + 4046209. Determine l(-71).
-10
Let s(v) = -3*v**2 - 169*v - 1135. Give s(-10).
255
Let w(b) = -34064*b - 68090. Calculate w(-2).
38
Let n(f) = 8*f**2 - 36*f - 58. What is n(4)?
-74
Let z(y) = 1493*y - 57886. Determine z(39).
341
Let a(v) = -1564*v**2 + 3868*v - 2311. Give a(1).
-7
Let a(c) = -5*c**3 + 6*c**2 + 32*c + 20. What is a(0)?
20
Let p(o) = 34*o**2 + 958*o + 156. Determine p(-28).
-12
Let d(i) = -1183*i**2 - 39040*i + 17. Calculate d(-33).
50
Let q(h) = 845*h + 3678. Determine q(-5).
-547
Let m(u) = u**3 + 16*u**2 - 314*u + 13. Calculate m(12).
277
Let k(g) = -2*g**2 - 63*g + 617. Determine k(-39).
32
Let g(x) = 635*x**2 + 265*x + 522. What is g(-2)?
2532
Let f(i) = -2*i**3 - 118*i**2 - 801*i + 658. What is f(-51)?
-107
Let p(h) = -98*h**2 - 2433*h - 9450. What is p(-20)?
10
Let f(k) = 219*k**2 - 51464*k - 100. Determine f(235).
135
Let h(w) = w**3 + 1288*w**2 + 111152*w + 20269. What is h(-1195)?
-46
Let i(b) = -9700*b - 164877. Calculate i(-17).
23
Let w(p) = -374*p - 155942. Determine w(-417).
16
Let v(c) = -3504*c + 2870. Calculate v(1).
-634
Let c(m) = 43*m**3 + 12*m**2 - 9*m - 9. What is c(4)?
2899
Let z(o) = -3254*o + 68331. What is z(21)?
-3
Let g(t) = -8*t**2 - 944*t - 2686. Give g(-3).
74
Let c(h) = 471604*h - 20. What is c(0)?
-20
Let z(f) = -66*f**2 + 70*f + 40. Calculate z(3).
-344
Let c(r) = -8754*r - 866748. Calculate c(-99).
-102
Let p(i) = 16*i**2 + 1554*i - 24866. What is p(14)?
26
Let m(l) = -l**2 - 703*l - 115707. Calculate m(-440).
13
Let v(r) = -79025*r + 316053. What is v(4)?
-47
Let t(o) = 944*o**3 - 21*o**2 + 135*o + 158. Calculate t(-1).
-942
Let a(d) = 3*d**3 - 11*d**2 + 78*d - 232. Determine a(3).
-16
Let w(v) = -v**2 + 11491*v - 34500. Give w(3).
-36
Let m(u) = u**3 - 133*u**2 + 4001*u - 97. Calculate m(87).
-184
Let t(o) = -73*o**3 - 2*o**2 - 1832*o + 3667. What is t(2)?
-589
Let p(s) = 3*s**2 + 133*s - 114. What is p(-34)?
-1168
Let k(r) = 957*r + 3393. Determine k(-4).
-435
Let q(n) = -4*n**2 + 2790*n + 19723. What is q(-7)?
-3
Let g(r) = -14593*r - 189894. What is g(-13)?
-185
Let i(y) = -2*y**3 - 71*y**2 + 17*y - 622. What is i(-36)?
62
Let o(d) = -d**2 - 73869*d - 295468. Determine o(-4).
-8
Let d(r) = -r**2 + 33*r - 175. What is d(-29)?
-1973
Let q(y) = 2*y**2 - 5966*y + 520731. What is q(90)?
-9
Let b(a) = -a - 865. What is b(-484)?
-381
Let w(g) = 2336*g - 10838. What is w(4)?
-1494
Let q(m) = -m**2 + 95*m - 1344. Give q(77).
42
Let x(z) = 62880*z + 1194694. Give x(-19).
-26
Let v(h) = 15*h**3 - 80*h**2 - 499*h + 13. Determine v(9).
-23
Let d(m) = m**3 + 148*m**2 - 142*m + 1359. What is d(-149)?
316
Let f(c) = 4*c**3 + 200*c**2 - 97*c - 4840. Calculate f(-50).
10
Let f(m) = -m**2 + 10*m + 212. Give f(-18).
-292
Let i(b) = -4305*b + 33965. Calculate i(8).
-475
Let s(w) = 10908*w - 65375. Give s(6).
73
Let m(i) = -67*i - 3817. Give m(-61).
270
Let u(p) = p**3 + 50*p**2 + 95*p - 42. Give u(-48).
6
Let c(i) = 2*i**3 - 9*i**2 + 175*i - 1168. Determine c(11).
2330
Let g(l) = l**3 - 13*l**2 + 15539*l - 108489. Give g(7).
-10
Let q(v) = 2*v**2 + 418*v + 19167. What is q(-141)?
-9
Let d(i) = -3003*i - 384473. Calculate d(-128).
-89
Let q(a) = -30*a**3 + 2*a**2 + 8*a + 12. What is q(-2)?
244
Let j(d) = -268*d - 31263. Give j(-117).
93
Let u(l) = 5*l**2 - 304*l + 929. Calculate u(58).
117
Let g(j) = 2*j**2 - 5841*j + 804917. What is g(145)?
22
Let g(c) = -c**2 - 4581*c + 208152. Give g(45).
-18
Let m(n) = n**2 + 102*n - 4298. Calculate m(32).
-10
Let f(v) = 23765*v + 7604799. Determine f(-320).
-1
Let w(z) = -z**3 + 217*z**2 - 3033*z + 595. What is w(202)?
-11
Let x(b) = -276*b - 3077. What is x(-11)?
-41
Let l(p) = 1773*p + 26644. Determine l(-15).
49
Let n(k) = 9*k**2 + 16361*k + 49099. Calculate n(-3).
97
Let h(o) = 2701*o**2 - 21679*o + 54. Give h(8).
-514
Let x(d) = -65*d**2 + 95*d - 189. Calculate x(2).
-259
Let k(u) = -10*u**2 + 1739*u + 12508. Give k(-7).
-155
Let i(u) = 6*u**2 - 2645*u + 18557. What is i(7)?
336
Let x(u) = 509*u + 1994. What is x(-5)?
-551
Let f(a) = 212*a - 88. What is f(-6)?
-1360
Let o(f) = -5*f**2 + 820*f + 80408. Calculate o(-69).
23
Let x(a) = a**3 - 5*a**2 - 9*a + 3. Give x(-6).
-339
Let n(g) = 246*g**2 + 4540*g + 4542. Give n(-1).
248
Let b(z) = z**2 - 33563*z + 1407883. What is b(42)?
1
Let t(a) = -16*a**2 - 1580*a + 15511. Give t(9).
-5
Let n(k) = -5*k**3 + 61*k**2 + 124*k + 14. Determine n(14).
-14
Let h(n) = 87*n**2 - 71*n - 68. Give h(-1).
90
Let i(b) = -b**2 + 7783*b - 178491. Give i(23).
-11
Let r(i) = -389*i + 1606. Determine r(9).
-1895
Let x(c) = 14419*c**3 - 57671*c**2 - 17*c - 6. Calculate x(4).
6
Let a(h) = 4*h**2 - 226*h + 423. Calculate a(49).
-1047
Let b(r) = -5636*r - 11281. What is b(-2)?
-9
Let m(d) = d**2 + 259*d - 3816. Determine m(-273).
6
Let a(j) = j**3 - 102*j**2 - 790*j + 89982. What is a(101)?
-9
Let z(s) = 10*s**2 + 134*s + 1229. What is z(-8)?
797
Let x(w) = 293*w**2 - 1732*w - 82. Calculate x(5).
-1417
Let z(k) = -13966*k + 125640. Give z(9).
-54
Let x(